{"id":3618,"date":"2025-07-30T14:12:10","date_gmt":"2025-07-30T14:12:10","guid":{"rendered":"https:\/\/congress.afwasa.org\/fr\/?page_id=3618"},"modified":"2025-08-05T09:30:29","modified_gmt":"2025-08-05T09:30:29","slug":"mot-du-president-du-comite-dorganisation-local","status":"publish","type":"page","link":"https:\/\/congress.afwasa.org\/fr\/mot-du-president-du-comite-dorganisation-local\/","title":{"rendered":"Mot du Pr\u00e9sident du comit\u00e9 d&#8217;organisation local"},"content":{"rendered":"\t\t<div data-elementor-type=\"wp-post\" data-elementor-id=\"3618\" class=\"elementor elementor-3618\" data-elementor-post-type=\"page\">\n\t\t\t\t\t\t<section class=\"elementor-section elementor-top-section elementor-element elementor-element-1e99ae5a elementor-section-stretched elementor-section-height-min-height elementor-section-boxed elementor-section-height-default elementor-section-items-middle\" data-id=\"1e99ae5a\" data-element_type=\"section\" data-settings=\"{&quot;stretch_section&quot;:&quot;section-stretched&quot;,&quot;background_background&quot;:&quot;classic&quot;}\">\n\t\t\t\t\t\t\t<div class=\"elementor-background-overlay\"><\/div>\n\t\t\t\t\t\t\t<div class=\"elementor-container elementor-column-gap-no\">\n\t\t\t\t\t<div class=\"elementor-column elementor-col-100 elementor-top-column elementor-element elementor-element-65410ea5\" data-id=\"65410ea5\" data-element_type=\"column\">\n\t\t\t<div class=\"elementor-widget-wrap elementor-element-populated\">\n\t\t\t\t\t\t<section class=\"elementor-section elementor-inner-section elementor-element elementor-element-2325f3e5 elementor-section-content-middle elementor-section-boxed elementor-section-height-default elementor-section-height-default\" data-id=\"2325f3e5\" data-element_type=\"section\">\n\t\t\t\t\t\t<div class=\"elementor-container elementor-column-gap-default\">\n\t\t\t\t\t<div class=\"elementor-column elementor-col-100 elementor-inner-column elementor-element elementor-element-4146b3d3\" data-id=\"4146b3d3\" data-element_type=\"column\">\n\t\t\t<div class=\"elementor-widget-wrap elementor-element-populated\">\n\t\t\t\t\t\t<div class=\"elementor-element elementor-element-5d0c48b6 elementor-widget elementor-widget-heading\" data-id=\"5d0c48b6\" data-element_type=\"widget\" data-widget_type=\"heading.default\">\n\t\t\t\t<div class=\"elementor-widget-container\">\n\t\t\t\t\t<h2 class=\"elementor-heading-title elementor-size-default\">MOT de la coordonnatrice g\u00e9n\u00e9rale du comit\u00e9 local d'organisation <\/h2>\t\t\t\t<\/div>\n\t\t\t\t<\/div>\n\t\t\t\t\t<\/div>\n\t\t<\/div>\n\t\t\t\t\t<\/div>\n\t\t<\/section>\n\t\t\t\t\t<\/div>\n\t\t<\/div>\n\t\t\t\t\t<\/div>\n\t\t<\/section>\n\t\t<div class=\"elementor-element elementor-element-6b8266a5 e-flex e-con-boxed e-con e-parent\" data-id=\"6b8266a5\" data-element_type=\"container\" data-settings=\"{&quot;background_background&quot;:&quot;classic&quot;}\">\n\t\t\t\t\t<div class=\"e-con-inner\">\n\t\t\t\t<div class=\"elementor-element elementor-element-147ebc2a elementor-widget elementor-widget-spacer\" data-id=\"147ebc2a\" data-element_type=\"widget\" data-widget_type=\"spacer.default\">\n\t\t\t\t<div class=\"elementor-widget-container\">\n\t\t\t\t\t\t\t<div class=\"elementor-spacer\">\n\t\t\t<div class=\"elementor-spacer-inner\"><\/div>\n\t\t<\/div>\n\t\t\t\t\t\t<\/div>\n\t\t\t\t<\/div>\n\t\t<div class=\"elementor-element elementor-element-f20d7ed e-con-full e-flex e-con e-child\" data-id=\"f20d7ed\" data-element_type=\"container\" data-settings=\"{&quot;background_background&quot;:&quot;classic&quot;}\">\n\t\t<div class=\"elementor-element elementor-element-2e95eb5 e-con-full e-flex e-con e-child\" data-id=\"2e95eb5\" data-element_type=\"container\" data-settings=\"{&quot;background_background&quot;:&quot;classic&quot;}\">\n\t\t\t\t<div class=\"elementor-element elementor-element-fa50dc4 elementor-position-top elementor-widget elementor-widget-image-box\" data-id=\"fa50dc4\" data-element_type=\"widget\" data-widget_type=\"image-box.default\">\n\t\t\t\t<div class=\"elementor-widget-container\">\n\t\t\t\t\t<div class=\"elementor-image-box-wrapper\"><figure class=\"elementor-image-box-img\"><img decoding=\"async\" src=\"https:\/\/congress.afwasa.org\/fr\/wp-content\/uploads\/2025\/07\/WhatsApp-Image-2025-07-24-at-22.38.34.jpeg\" title=\"WhatsApp Image 2025-07-24 at 22.38.34\" alt=\"WhatsApp Image 2025-07-24 at 22.38.34\" loading=\"lazy\" \/><\/figure><div class=\"elementor-image-box-content\"><h3 class=\"elementor-image-box-title\">Mme G\u00e9raldine MPOUMA LOGMO<\/h3><p class=\"elementor-image-box-description\">Coordinatrice G\u00e9n\u00e9rale du Comit\u00e9 Local d\u2019Organisation<\/p><\/div><\/div>\t\t\t\t<\/div>\n\t\t\t\t<\/div>\n\t\t\t\t<div class=\"elementor-element elementor-element-d0919c0 elementor-widget elementor-widget-text-editor\" data-id=\"d0919c0\" data-element_type=\"widget\" data-widget_type=\"text-editor.default\">\n\t\t\t\t<div class=\"elementor-widget-container\">\n\t\t\t\t\t\t\t\t\t<p><strong>Chers partenaires, chers congressistes, chers amis de l\u2019eau et de l\u2019assainissement<\/strong>,<\/p><p>C\u2019est avec un profond engagement et une immense fiert\u00e9 que je m\u2019adresse \u00e0 vous en tant que Coordinatrice g\u00e9n\u00e9rale du Comit\u00e9 Local d\u2019Organisation (CLO) du 23\u1d49 Congr\u00e8s International et Exposition de l\u2019AAEA, qui se tiendra du 9 au 13 f\u00e9vrier 2026 \u00e0 Yaound\u00e9, sous le th\u00e8me : \u00ab <strong>Eau et Assainissement pour Tous : Des actions fortes pour l\u2019Afrique<\/strong> \u00bb.<\/p><p>Le CLO a \u00e9t\u00e9 mis en place conform\u00e9ment aux standards de l\u2019AAEA. Il rassemble les principales institutions nationales, notamment la CAMWATER, le Minist\u00e8re de l\u2019Eau et de l\u2019\u00c9nergie, la Ville de Yaound\u00e9,<\/p>\t\t\t\t\t\t\t\t<\/div>\n\t\t\t\t<\/div>\n\t\t\t\t<\/div>\n\t\t<div class=\"elementor-element elementor-element-33b6843 e-con-full e-flex e-con e-child\" data-id=\"33b6843\" data-element_type=\"container\" data-settings=\"{&quot;background_background&quot;:&quot;classic&quot;}\">\n\t\t\t\t<div class=\"elementor-element elementor-element-e1c3400 elementor-widget elementor-widget-text-editor\" data-id=\"e1c3400\" data-element_type=\"widget\" data-widget_type=\"text-editor.default\">\n\t\t\t\t<div class=\"elementor-widget-container\">\n\t\t\t\t\t\t\t\t\t<p>les forces de s\u00e9curit\u00e9, ainsi que des repr\u00e9sentants du secteur priv\u00e9, des universit\u00e9s et de la soci\u00e9t\u00e9 civile. Ensemble, nous coordonnons les actions techniques, logistiques, protocolaires et institutionnelles pour garantir la r\u00e9ussite de ce grand rendez-vous continental.<\/p><p>Le Congr\u00e8s 2026 rev\u00eat un caract\u00e8re \u00e0 la fois historique et symbolique : il signe le retour du Cameroun sur la sc\u00e8ne panafricaine de l\u2019eau, trente ans apr\u00e8s l\u2019\u00e9dition de 1996. Cette nouvelle \u00e9dition introduit des innovations majeures : le tout premier Forum Acad\u00e9mique, la valorisation des start-ups africaines \u00e0 travers l\u2019Espace Jeunesse en lien avec la F\u00eate nationale de la Jeunesse (11 f\u00e9vrier), et une session sp\u00e9ciale de dialogue public-priv\u00e9 avec le GECAM.<\/p><p>Les pr\u00e9paratifs avancent de mani\u00e8re satisfaisante. Le programme scientifique s\u2019articule autour d\u2019appels \u00e0 communication ax\u00e9s sur les actions concr\u00e8tes en faveur de l\u2019ODD 6 et de l\u2019innovation. L\u2019exposition, qui s\u2019\u00e9tendra sur plus de 4 000 m\u00b2 au Palais des Congr\u00e8s de Yaound\u00e9, comprendra deux halls de 2 000 m\u00b2, une salle pl\u00e9ni\u00e8re de 1 500 places et des espaces modulables. L\u2019\u00e9v\u00e9nementiel int\u00e9grera des c\u00e9r\u00e9monies officielles, des sessions techniques, ainsi que des visites techniques et touristiques, dans un esprit de valorisation du patrimoine camerounais.<\/p><p>Nous mettons tout en \u0153uvre pour accueillir les participants dans les meilleures conditions de travail, de confort et de s\u00e9curit\u00e9.<\/p><p>Yaound\u00e9, ville aux sept collines, vous ouvre ses bras. Venez vivre une exp\u00e9rience professionnelle d\u2019exception, humaine et culturelle, au c\u0153ur de l\u2019Afrique en miniature.<\/p><p>Au nom de toute l\u2019\u00e9quipe du CLO, je vous souhaite la bienvenue au Cameroun, terre d\u2019hospitalit\u00e9 et d\u2019engagement pour un avenir durable de l\u2019eau et de l\u2019assainissement en Afrique.<\/p>\t\t\t\t\t\t\t\t<\/div>\n\t\t\t\t<\/div>\n\t\t\t\t<\/div>\n\t\t\t\t<\/div>\n\t\t\t\t\t<\/div>\n\t\t\t\t<\/div>\n\t\t<div class=\"elementor-element elementor-element-b55cff9 e-flex e-con-boxed e-con e-parent\" data-id=\"b55cff9\" data-element_type=\"container\" data-settings=\"{&quot;background_background&quot;:&quot;classic&quot;}\">\n\t\t\t\t\t<div class=\"e-con-inner\">\n\t\t\t\t<div class=\"elementor-element elementor-element-06a337a elementor-widget elementor-widget-spacer\" data-id=\"06a337a\" data-element_type=\"widget\" data-widget_type=\"spacer.default\">\n\t\t\t\t<div class=\"elementor-widget-container\">\n\t\t\t\t\t\t\t<div class=\"elementor-spacer\">\n\t\t\t<div class=\"elementor-spacer-inner\"><\/div>\n\t\t<\/div>\n\t\t\t\t\t\t<\/div>\n\t\t\t\t<\/div>\n\t\t\t\t\t<\/div>\n\t\t\t\t<\/div>\n\t\t\t\t<\/div>\n\t\t","protected":false},"excerpt":{"rendered":"<p>MOT de la coordonnatrice g\u00e9n\u00e9rale du comit\u00e9 local d&#8217;organisation Mme G\u00e9raldine MPOUMA LOGMO Coordinatrice G\u00e9n\u00e9rale du Comit\u00e9 Local d\u2019Organisation Chers partenaires, chers congressistes, chers amis de l\u2019eau et de l\u2019assainissement, C\u2019est avec un profond engagement et une immense fiert\u00e9 que je m\u2019adresse \u00e0 vous en tant que Coordinatrice g\u00e9n\u00e9rale du Comit\u00e9 Local d\u2019Organisation (CLO) du [&hellip;]<\/p>\n","protected":false},"author":5,"featured_media":0,"parent":0,"menu_order":0,"comment_status":"closed","ping_status":"closed","template":"","meta":{"footnotes":""},"class_list":["post-3618","page","type-page","status-publish","hentry"],"_links":{"self":[{"href":"https:\/\/congress.afwasa.org\/fr\/wp-json\/wp\/v2\/pages\/3618","targetHints":{"allow":["GET"]}}],"collection":[{"href":"https:\/\/congress.afwasa.org\/fr\/wp-json\/wp\/v2\/pages"}],"about":[{"href":"https:\/\/congress.afwasa.org\/fr\/wp-json\/wp\/v2\/types\/page"}],"author":[{"embeddable":true,"href":"https:\/\/congress.afwasa.org\/fr\/wp-json\/wp\/v2\/users\/5"}],"replies":[{"embeddable":true,"href":"https:\/\/congress.afwasa.org\/fr\/wp-json\/wp\/v2\/comments?post=3618"}],"version-history":[{"count":19,"href":"https:\/\/congress.afwasa.org\/fr\/wp-json\/wp\/v2\/pages\/3618\/revisions"}],"predecessor-version":[{"id":3872,"href":"https:\/\/congress.afwasa.org\/fr\/wp-json\/wp\/v2\/pages\/3618\/revisions\/3872"}],"wp:attachment":[{"href":"https:\/\/congress.afwasa.org\/fr\/wp-json\/wp\/v2\/media?parent=3618"}],"curies":[{"name":"wp","href":"https:\/\/api.w.org\/{rel}","templated":true}]}}

Mot du Président du comité d&#8217;organisation local

<div data-elementor-type="wp-post" data-elementor-id="3618" class="elementor elementor-3618" data-elementor-post-type="page">
						<section class="elementor-section elementor-top-section elementor-element elementor-element-1e99ae5a elementor-section-stretched elementor-section-height-min-height elementor-section-boxed elementor-section-height-default elementor-section-items-middle" data-id="1e99ae5a" data-element_type="section" data-settings="{&quot;stretch_section&quot;:&quot;section-stretched&quot;,&quot;background_background&quot;:&quot;classic&quot;}">
							<div class="elementor-background-overlay"></div>
							<div class="elementor-container elementor-column-gap-no">
					<div class="elementor-column elementor-col-100 elementor-top-column elementor-element elementor-element-65410ea5" data-id="65410ea5" data-element_type="column">
			<div class="elementor-widget-wrap elementor-element-populated">
						<section class="elementor-section elementor-inner-section elementor-element elementor-element-2325f3e5 elementor-section-content-middle elementor-section-boxed elementor-section-height-default elementor-section-height-default" data-id="2325f3e5" data-element_type="section">
						<div class="elementor-container elementor-column-gap-default">
					<div class="elementor-column elementor-col-100 elementor-inner-column elementor-element elementor-element-4146b3d3" data-id="4146b3d3" data-element_type="column">
			<div class="elementor-widget-wrap elementor-element-populated">
						<div class="elementor-element elementor-element-5d0c48b6 elementor-widget elementor-widget-heading" data-id="5d0c48b6" data-element_type="widget" data-widget_type="heading.default">
				<div class="elementor-widget-container">
					<h2 class="elementor-heading-title elementor-size-default">MOT de la coordonnatrice générale du comité local d'organisation </h2>				</div>
				</div>
					</div>
		</div>
					</div>
		</section>
					</div>
		</div>
					</div>
		</section>
		<div class="elementor-element elementor-element-6b8266a5 e-flex e-con-boxed e-con e-parent" data-id="6b8266a5" data-element_type="container" data-settings="{&quot;background_background&quot;:&quot;classic&quot;}">
					<div class="e-con-inner">
				<div class="elementor-element elementor-element-147ebc2a elementor-widget elementor-widget-spacer" data-id="147ebc2a" data-element_type="widget" data-widget_type="spacer.default">
				<div class="elementor-widget-container">
							<div class="elementor-spacer">
			<div class="elementor-spacer-inner"></div>
		</div>
						</div>
				</div>
		<div class="elementor-element elementor-element-f20d7ed e-con-full e-flex e-con e-child" data-id="f20d7ed" data-element_type="container" data-settings="{&quot;background_background&quot;:&quot;classic&quot;}">
		<div class="elementor-element elementor-element-2e95eb5 e-con-full e-flex e-con e-child" data-id="2e95eb5" data-element_type="container" data-settings="{&quot;background_background&quot;:&quot;classic&quot;}">
				<div class="elementor-element elementor-element-fa50dc4 elementor-position-top elementor-widget elementor-widget-image-box" data-id="fa50dc4" data-element_type="widget" data-widget_type="image-box.default">
				<div class="elementor-widget-container">
					<div class="elementor-image-box-wrapper"><figure class="elementor-image-box-img"><img decoding="async" src="https://congress.afwasa.org/fr/wp-content/uploads/2025/07/WhatsApp-Image-2025-07-24-at-22.38.34.jpeg" title="WhatsApp Image 2025-07-24 at 22.38.34" alt="WhatsApp Image 2025-07-24 at 22.38.34" loading="lazy" /></figure><div class="elementor-image-box-content"><h3 class="elementor-image-box-title">Mme Géraldine MPOUMA LOGMO</h3><p class="elementor-image-box-description">Coordinatrice Générale du Comité Local d’Organisation</p></div></div>				</div>
				</div>
				<div class="elementor-element elementor-element-d0919c0 elementor-widget elementor-widget-text-editor" data-id="d0919c0" data-element_type="widget" data-widget_type="text-editor.default">
				<div class="elementor-widget-container">
									<p><strong>Chers partenaires, chers congressistes, chers amis de l’eau et de l’assainissement</strong>,</p><p>C’est avec un profond engagement et une immense fierté que je m’adresse à vous en tant que Coordinatrice générale du Comité Local d’Organisation (CLO) du 23ᵉ Congrès International et Exposition de l’AAEA, qui se tiendra du 9 au 13 février 2026 à Yaoundé, sous le thème : « <strong>Eau et Assainissement pour Tous : Des actions fortes pour l’Afrique</strong> ».</p><p>Le CLO a été mis en place conformément aux standards de l’AAEA. Il rassemble les principales institutions nationales, notamment la CAMWATER, le Ministère de l’Eau et de l’Énergie, la Ville de Yaoundé,</p>								</div>
				</div>
				</div>
		<div class="elementor-element elementor-element-33b6843 e-con-full e-flex e-con e-child" data-id="33b6843" data-element_type="container" data-settings="{&quot;background_background&quot;:&quot;classic&quot;}">
				<div class="elementor-element elementor-element-e1c3400 elementor-widget elementor-widget-text-editor" data-id="e1c3400" data-element_type="widget" data-widget_type="text-editor.default">
				<div class="elementor-widget-container">
									<p>les forces de sécurité, ainsi que des représentants du secteur privé, des universités et de la société civile. Ensemble, nous coordonnons les actions techniques, logistiques, protocolaires et institutionnelles pour garantir la réussite de ce grand rendez-vous continental.</p><p>Le Congrès 2026 revêt un caractère à la fois historique et symbolique : il signe le retour du Cameroun sur la scène panafricaine de l’eau, trente ans après l’édition de 1996. Cette nouvelle édition introduit des innovations majeures : le tout premier Forum Académique, la valorisation des start-ups africaines à travers l’Espace Jeunesse en lien avec la Fête nationale de la Jeunesse (11 février), et une session spéciale de dialogue public-privé avec le GECAM.</p><p>Les préparatifs avancent de manière satisfaisante. Le programme scientifique s’articule autour d’appels à communication axés sur les actions concrètes en faveur de l’ODD 6 et de l’innovation. L’exposition, qui s’étendra sur plus de 4 000 m² au Palais des Congrès de Yaoundé, comprendra deux halls de 2 000 m², une salle plénière de 1 500 places et des espaces modulables. L’événementiel intégrera des cérémonies officielles, des sessions techniques, ainsi que des visites techniques et touristiques, dans un esprit de valorisation du patrimoine camerounais.</p><p>Nous mettons tout en œuvre pour accueillir les participants dans les meilleures conditions de travail, de confort et de sécurité.</p><p>Yaoundé, ville aux sept collines, vous ouvre ses bras. Venez vivre une expérience professionnelle d’exception, humaine et culturelle, au cœur de l’Afrique en miniature.</p><p>Au nom de toute l’équipe du CLO, je vous souhaite la bienvenue au Cameroun, terre d’hospitalité et d’engagement pour un avenir durable de l’eau et de l’assainissement en Afrique.</p>								</div>
				</div>
				</div>
				</div>
					</div>
				</div>
		<div class="elementor-element elementor-element-b55cff9 e-flex e-con-boxed e-con e-parent" data-id="b55cff9" data-element_type="container" data-settings="{&quot;background_background&quot;:&quot;classic&quot;}">
					<div class="e-con-inner">
				<div class="elementor-element elementor-element-06a337a elementor-widget elementor-widget-spacer" data-id="06a337a" data-element_type="widget" data-widget_type="spacer.default">
				<div class="elementor-widget-container">
							<div class="elementor-spacer">
			<div class="elementor-spacer-inner"></div>
		</div>
						</div>
				</div>
					</div>
				</div>
				</div>

<p>MOT de la coordonnatrice générale du comité local d&#8217;organisation Mme Géraldine MPOUMA LOGMO Coordinatrice Générale du Comité Local d’Organisation Chers partenaires, chers congressistes, chers amis de l’eau et de l’assainissement, C’est avec un profond engagement et une immense fierté que je m’adresse à vous en tant que Coordinatrice générale du Comité Local d’Organisation (CLO) du [&hellip;]</p>
