{"id":3599,"date":"2025-07-30T13:57:46","date_gmt":"2025-07-30T13:57:46","guid":{"rendered":"https:\/\/congress.afwasa.org\/fr\/?page_id=3599"},"modified":"2025-08-06T12:59:18","modified_gmt":"2025-08-06T12:59:18","slug":"mot-du-ministre","status":"publish","type":"page","link":"https:\/\/congress.afwasa.org\/fr\/mot-du-ministre\/","title":{"rendered":"Mot du Ministre"},"content":{"rendered":"\t\t<div data-elementor-type=\"wp-post\" data-elementor-id=\"3599\" class=\"elementor elementor-3599\" data-elementor-post-type=\"page\">\n\t\t\t\t\t\t<section class=\"elementor-section elementor-top-section elementor-element elementor-element-1e99ae5a elementor-section-stretched elementor-section-height-min-height elementor-section-boxed elementor-section-height-default elementor-section-items-middle\" data-id=\"1e99ae5a\" data-element_type=\"section\" data-settings=\"{&quot;stretch_section&quot;:&quot;section-stretched&quot;,&quot;background_background&quot;:&quot;classic&quot;}\">\n\t\t\t\t\t\t\t<div class=\"elementor-background-overlay\"><\/div>\n\t\t\t\t\t\t\t<div class=\"elementor-container elementor-column-gap-no\">\n\t\t\t\t\t<div class=\"elementor-column elementor-col-100 elementor-top-column elementor-element elementor-element-65410ea5\" data-id=\"65410ea5\" data-element_type=\"column\">\n\t\t\t<div class=\"elementor-widget-wrap elementor-element-populated\">\n\t\t\t\t\t\t<section class=\"elementor-section elementor-inner-section elementor-element elementor-element-2325f3e5 elementor-section-content-middle elementor-section-boxed elementor-section-height-default elementor-section-height-default\" data-id=\"2325f3e5\" data-element_type=\"section\">\n\t\t\t\t\t\t<div class=\"elementor-container elementor-column-gap-default\">\n\t\t\t\t\t<div class=\"elementor-column elementor-col-100 elementor-inner-column elementor-element elementor-element-4146b3d3\" data-id=\"4146b3d3\" data-element_type=\"column\">\n\t\t\t<div class=\"elementor-widget-wrap elementor-element-populated\">\n\t\t\t\t\t\t<div class=\"elementor-element elementor-element-5d0c48b6 elementor-widget elementor-widget-heading\" data-id=\"5d0c48b6\" data-element_type=\"widget\" data-widget_type=\"heading.default\">\n\t\t\t\t<div class=\"elementor-widget-container\">\n\t\t\t\t\t<h2 class=\"elementor-heading-title elementor-size-default\">MOT DU MINISTRE DE L'EAU ET DE L'ENERGIE DU CAMEROUN<\/h2>\t\t\t\t<\/div>\n\t\t\t\t<\/div>\n\t\t\t\t\t<\/div>\n\t\t<\/div>\n\t\t\t\t\t<\/div>\n\t\t<\/section>\n\t\t\t\t\t<\/div>\n\t\t<\/div>\n\t\t\t\t\t<\/div>\n\t\t<\/section>\n\t\t<div class=\"elementor-element elementor-element-1495b299 e-flex e-con-boxed e-con e-parent\" data-id=\"1495b299\" data-element_type=\"container\" data-settings=\"{&quot;background_background&quot;:&quot;classic&quot;}\">\n\t\t\t\t\t<div class=\"e-con-inner\">\n\t\t\t\t<div class=\"elementor-element elementor-element-7db04190 elementor-widget elementor-widget-spacer\" data-id=\"7db04190\" data-element_type=\"widget\" data-widget_type=\"spacer.default\">\n\t\t\t\t<div class=\"elementor-widget-container\">\n\t\t\t\t\t\t\t<div class=\"elementor-spacer\">\n\t\t\t<div class=\"elementor-spacer-inner\"><\/div>\n\t\t<\/div>\n\t\t\t\t\t\t<\/div>\n\t\t\t\t<\/div>\n\t\t\t\t\t<\/div>\n\t\t\t\t<\/div>\n\t\t<div class=\"elementor-element elementor-element-2a47d56 e-flex e-con-boxed e-con e-parent\" data-id=\"2a47d56\" data-element_type=\"container\" data-settings=\"{&quot;background_background&quot;:&quot;classic&quot;}\">\n\t\t\t\t\t<div class=\"e-con-inner\">\n\t\t<div class=\"elementor-element elementor-element-3ef0716 e-con-full e-flex e-con e-child\" data-id=\"3ef0716\" data-element_type=\"container\" data-settings=\"{&quot;background_background&quot;:&quot;classic&quot;}\">\n\t\t<div class=\"elementor-element elementor-element-0038b1d e-con-full e-flex e-con e-child\" data-id=\"0038b1d\" data-element_type=\"container\" data-settings=\"{&quot;background_background&quot;:&quot;classic&quot;}\">\n\t\t\t\t<div class=\"elementor-element elementor-element-11b6825 elementor-position-top elementor-widget elementor-widget-image-box\" data-id=\"11b6825\" data-element_type=\"widget\" data-widget_type=\"image-box.default\">\n\t\t\t\t<div class=\"elementor-widget-container\">\n\t\t\t\t\t<div class=\"elementor-image-box-wrapper\"><figure class=\"elementor-image-box-img\"><img decoding=\"async\" src=\"https:\/\/congress.afwasa.org\/fr\/wp-content\/uploads\/2025\/07\/Gaston-ELOUNDOU-ESSOMBA-WHOSWHOAFRICA.jpg\" title=\"WHOSWHOAFRICA &#8211; 55\" alt=\"WHOSWHOAFRICA - 55\" loading=\"lazy\" \/><\/figure><div class=\"elementor-image-box-content\"><h3 class=\"elementor-image-box-title\">M. Gaston ELOUNDOU ESSOMBA<\/h3><p class=\"elementor-image-box-description\">Ministre de l'eau et de l'\u00e9nergie du Cameroun<\/p><\/div><\/div>\t\t\t\t<\/div>\n\t\t\t\t<\/div>\n\t\t\t\t<div class=\"elementor-element elementor-element-903b390 elementor-widget elementor-widget-text-editor\" data-id=\"903b390\" data-element_type=\"widget\" data-widget_type=\"text-editor.default\">\n\t\t\t\t<div class=\"elementor-widget-container\">\n\t\t\t\t\t\t\t\t\t<p>Au nom du Gouvernement camerounais, je tiens \u00e0 exprimer ma profonde gratitude \u00e0 l\u2019Association Africaine de l\u2019Eau et de l\u2019Assainissement (AAEA) pour avoir choisi le Cameroun comme pays h\u00f4te du 23\u1d49 Congr\u00e8s International et Exposition, pr\u00e9vu \u00e0 Yaound\u00e9 du 9 au 13 f\u00e9vrier 2026. Ce choix honore notre pays et t\u00e9moigne de son engagement constant en faveur de l\u2019acc\u00e8s \u00e9quitable \u00e0 l\u2019eau et \u00e0 l\u2019assainissement pour tous. Fid\u00e8le \u00e0 sa tradition d\u2019hospitalit\u00e9, le Cameroun mettra tout en \u0153uvre pour faire de cet \u00e9v\u00e9nement un moment d\u2019excellence, d\u2019innovation et de coop\u00e9ration africaine renforc\u00e9e.\u00a0<\/p>\t\t\t\t\t\t\t\t<\/div>\n\t\t\t\t<\/div>\n\t\t\t\t<\/div>\n\t\t<div class=\"elementor-element elementor-element-c5c9ec8 e-con-full e-flex e-con e-child\" data-id=\"c5c9ec8\" data-element_type=\"container\" data-settings=\"{&quot;background_background&quot;:&quot;classic&quot;}\">\n\t\t\t\t<div class=\"elementor-element elementor-element-fb3ac75 elementor-widget elementor-widget-text-editor\" data-id=\"fb3ac75\" data-element_type=\"widget\" data-widget_type=\"text-editor.default\">\n\t\t\t\t<div class=\"elementor-widget-container\">\n\t\t\t\t\t\t\t\t\t<p>Nous sommes pr\u00eats \u00e0 accueillir, dans les meilleures conditions,\u00a0les milliers de d\u00e9l\u00e9gu\u00e9s, experts, d\u00e9cideurs, partenaires et exposants attendus \u00e0 Yaound\u00e9. Notre capitale est mobilis\u00e9e pour faire de cette rencontre une vitrine de l\u2019expertise africaine et un catalyseur de solutions concr\u00e8tes au service du continent.<\/p><p>Ce congr\u00e8s intervient dans un contexte de d\u00e9fis pressants : urbanisation acc\u00e9l\u00e9r\u00e9e, vuln\u00e9rabilit\u00e9 climatique, croissance d\u00e9mographique soutenue, disparit\u00e9s territoriales. Conscient de ces enjeux, le Cameroun a inscrit dans sa Strat\u00e9gie Nationale de D\u00e9veloppement 2020\u20132030 une ambition forte : atteindre les Objectifs de D\u00e9veloppement Durable, notamment l\u2019ODD 6. \u00c0 travers des investissements structurants, nous modernisons les infrastructures hydrauliques, renfor\u00e7ons la gouvernance du secteur et promouvons des politiques inclusives en mati\u00e8re d\u2019assainissement. Ces efforts traduisent la vision de Son Excellence Paul BIYA, Pr\u00e9sident de la R\u00e9publique, pour un Cameroun solidaire, durable et r\u00e9solument tourn\u00e9 vers l\u2019avenir.<\/p><p>Le th\u00e8me retenu, \u00ab\u202fEau et Assainissement pour tous : des actions fortes pour l\u2019Afrique\u202f\u00bb, est une v\u00e9ritable invitation \u00e0 l\u2019action collective. Il nous rappelle notre responsabilit\u00e9 commune de b\u00e2tir un continent r\u00e9silient, o\u00f9 chaque femme, chaque homme, chaque enfant, a acc\u00e8s aux services essentiels, dans la dignit\u00e9.<\/p><p>\u00c0 travers ce message, je lance un appel solennel \u00e0 tous les acteurs du secteur : gouvernements, collectivit\u00e9s locales, entreprises, bailleurs de fonds, jeunes professionnels, chercheurs, ONG. Rendez-vous \u00e0 Yaound\u00e9 2026. Contribuez \u00e0 faire entendre la voix de l\u2019Afrique. Engageons-nous, ensemble, \u00e0 faire de ce Congr\u00e8s un tournant d\u00e9cisif pour l\u2019avenir de l\u2019eau et de l\u2019assainissement sur notre continent.<\/p>\t\t\t\t\t\t\t\t<\/div>\n\t\t\t\t<\/div>\n\t\t\t\t<\/div>\n\t\t\t\t<\/div>\n\t\t\t\t\t<\/div>\n\t\t\t\t<\/div>\n\t\t<div class=\"elementor-element elementor-element-7f86825 e-flex e-con-boxed e-con e-parent\" data-id=\"7f86825\" data-element_type=\"container\" data-settings=\"{&quot;background_background&quot;:&quot;classic&quot;}\">\n\t\t\t\t\t<div class=\"e-con-inner\">\n\t\t\t\t<div class=\"elementor-element elementor-element-1fd0f8c elementor-widget elementor-widget-spacer\" data-id=\"1fd0f8c\" data-element_type=\"widget\" data-widget_type=\"spacer.default\">\n\t\t\t\t<div class=\"elementor-widget-container\">\n\t\t\t\t\t\t\t<div class=\"elementor-spacer\">\n\t\t\t<div class=\"elementor-spacer-inner\"><\/div>\n\t\t<\/div>\n\t\t\t\t\t\t<\/div>\n\t\t\t\t<\/div>\n\t\t\t\t\t<\/div>\n\t\t\t\t<\/div>\n\t\t\t\t<\/div>\n\t\t","protected":false},"excerpt":{"rendered":"<p>MOT DU MINISTRE DE L&#8217;EAU ET DE L&#8217;ENERGIE DU CAMEROUN M. Gaston ELOUNDOU ESSOMBA Ministre de l&#8217;eau et de l&#8217;\u00e9nergie du Cameroun Au nom du Gouvernement camerounais, je tiens \u00e0 exprimer ma profonde gratitude \u00e0 l\u2019Association Africaine de l\u2019Eau et de l\u2019Assainissement (AAEA) pour avoir choisi le Cameroun comme pays h\u00f4te du 23\u1d49 Congr\u00e8s International [&hellip;]<\/p>\n","protected":false},"author":5,"featured_media":0,"parent":0,"menu_order":0,"comment_status":"closed","ping_status":"closed","template":"","meta":{"footnotes":""},"class_list":["post-3599","page","type-page","status-publish","hentry"],"_links":{"self":[{"href":"https:\/\/congress.afwasa.org\/fr\/wp-json\/wp\/v2\/pages\/3599","targetHints":{"allow":["GET"]}}],"collection":[{"href":"https:\/\/congress.afwasa.org\/fr\/wp-json\/wp\/v2\/pages"}],"about":[{"href":"https:\/\/congress.afwasa.org\/fr\/wp-json\/wp\/v2\/types\/page"}],"author":[{"embeddable":true,"href":"https:\/\/congress.afwasa.org\/fr\/wp-json\/wp\/v2\/users\/5"}],"replies":[{"embeddable":true,"href":"https:\/\/congress.afwasa.org\/fr\/wp-json\/wp\/v2\/comments?post=3599"}],"version-history":[{"count":40,"href":"https:\/\/congress.afwasa.org\/fr\/wp-json\/wp\/v2\/pages\/3599\/revisions"}],"predecessor-version":[{"id":3885,"href":"https:\/\/congress.afwasa.org\/fr\/wp-json\/wp\/v2\/pages\/3599\/revisions\/3885"}],"wp:attachment":[{"href":"https:\/\/congress.afwasa.org\/fr\/wp-json\/wp\/v2\/media?parent=3599"}],"curies":[{"name":"wp","href":"https:\/\/api.w.org\/{rel}","templated":true}]}}

<div data-elementor-type="wp-post" data-elementor-id="3599" class="elementor elementor-3599" data-elementor-post-type="page">
						<section class="elementor-section elementor-top-section elementor-element elementor-element-1e99ae5a elementor-section-stretched elementor-section-height-min-height elementor-section-boxed elementor-section-height-default elementor-section-items-middle" data-id="1e99ae5a" data-element_type="section" data-settings="{&quot;stretch_section&quot;:&quot;section-stretched&quot;,&quot;background_background&quot;:&quot;classic&quot;}">
							<div class="elementor-background-overlay"></div>
							<div class="elementor-container elementor-column-gap-no">
					<div class="elementor-column elementor-col-100 elementor-top-column elementor-element elementor-element-65410ea5" data-id="65410ea5" data-element_type="column">
			<div class="elementor-widget-wrap elementor-element-populated">
						<section class="elementor-section elementor-inner-section elementor-element elementor-element-2325f3e5 elementor-section-content-middle elementor-section-boxed elementor-section-height-default elementor-section-height-default" data-id="2325f3e5" data-element_type="section">
						<div class="elementor-container elementor-column-gap-default">
					<div class="elementor-column elementor-col-100 elementor-inner-column elementor-element elementor-element-4146b3d3" data-id="4146b3d3" data-element_type="column">
			<div class="elementor-widget-wrap elementor-element-populated">
						<div class="elementor-element elementor-element-5d0c48b6 elementor-widget elementor-widget-heading" data-id="5d0c48b6" data-element_type="widget" data-widget_type="heading.default">
				<div class="elementor-widget-container">
					<h2 class="elementor-heading-title elementor-size-default">MOT DU MINISTRE DE L'EAU ET DE L'ENERGIE DU CAMEROUN</h2>				</div>
				</div>
					</div>
		</div>
					</div>
		</section>
					</div>
		</div>
					</div>
		</section>
		<div class="elementor-element elementor-element-1495b299 e-flex e-con-boxed e-con e-parent" data-id="1495b299" data-element_type="container" data-settings="{&quot;background_background&quot;:&quot;classic&quot;}">
					<div class="e-con-inner">
				<div class="elementor-element elementor-element-7db04190 elementor-widget elementor-widget-spacer" data-id="7db04190" data-element_type="widget" data-widget_type="spacer.default">
				<div class="elementor-widget-container">
							<div class="elementor-spacer">
			<div class="elementor-spacer-inner"></div>
		</div>
						</div>
				</div>
					</div>
				</div>
		<div class="elementor-element elementor-element-2a47d56 e-flex e-con-boxed e-con e-parent" data-id="2a47d56" data-element_type="container" data-settings="{&quot;background_background&quot;:&quot;classic&quot;}">
					<div class="e-con-inner">
		<div class="elementor-element elementor-element-3ef0716 e-con-full e-flex e-con e-child" data-id="3ef0716" data-element_type="container" data-settings="{&quot;background_background&quot;:&quot;classic&quot;}">
		<div class="elementor-element elementor-element-0038b1d e-con-full e-flex e-con e-child" data-id="0038b1d" data-element_type="container" data-settings="{&quot;background_background&quot;:&quot;classic&quot;}">
				<div class="elementor-element elementor-element-11b6825 elementor-position-top elementor-widget elementor-widget-image-box" data-id="11b6825" data-element_type="widget" data-widget_type="image-box.default">
				<div class="elementor-widget-container">
					<div class="elementor-image-box-wrapper"><figure class="elementor-image-box-img"><img decoding="async" src="https://congress.afwasa.org/fr/wp-content/uploads/2025/07/Gaston-ELOUNDOU-ESSOMBA-WHOSWHOAFRICA.jpg" title="WHOSWHOAFRICA &#8211; 55" alt="WHOSWHOAFRICA - 55" loading="lazy" /></figure><div class="elementor-image-box-content"><h3 class="elementor-image-box-title">M. Gaston ELOUNDOU ESSOMBA</h3><p class="elementor-image-box-description">Ministre de l'eau et de l'énergie du Cameroun</p></div></div>				</div>
				</div>
				<div class="elementor-element elementor-element-903b390 elementor-widget elementor-widget-text-editor" data-id="903b390" data-element_type="widget" data-widget_type="text-editor.default">
				<div class="elementor-widget-container">
									<p>Au nom du Gouvernement camerounais, je tiens à exprimer ma profonde gratitude à l’Association Africaine de l’Eau et de l’Assainissement (AAEA) pour avoir choisi le Cameroun comme pays hôte du 23ᵉ Congrès International et Exposition, prévu à Yaoundé du 9 au 13 février 2026. Ce choix honore notre pays et témoigne de son engagement constant en faveur de l’accès équitable à l’eau et à l’assainissement pour tous. Fidèle à sa tradition d’hospitalité, le Cameroun mettra tout en œuvre pour faire de cet événement un moment d’excellence, d’innovation et de coopération africaine renforcée. </p>								</div>
				</div>
				</div>
		<div class="elementor-element elementor-element-c5c9ec8 e-con-full e-flex e-con e-child" data-id="c5c9ec8" data-element_type="container" data-settings="{&quot;background_background&quot;:&quot;classic&quot;}">
				<div class="elementor-element elementor-element-fb3ac75 elementor-widget elementor-widget-text-editor" data-id="fb3ac75" data-element_type="widget" data-widget_type="text-editor.default">
				<div class="elementor-widget-container">
									<p>Nous sommes prêts à accueillir, dans les meilleures conditions, les milliers de délégués, experts, décideurs, partenaires et exposants attendus à Yaoundé. Notre capitale est mobilisée pour faire de cette rencontre une vitrine de l’expertise africaine et un catalyseur de solutions concrètes au service du continent.</p><p>Ce congrès intervient dans un contexte de défis pressants : urbanisation accélérée, vulnérabilité climatique, croissance démographique soutenue, disparités territoriales. Conscient de ces enjeux, le Cameroun a inscrit dans sa Stratégie Nationale de Développement 2020–2030 une ambition forte : atteindre les Objectifs de Développement Durable, notamment l’ODD 6. À travers des investissements structurants, nous modernisons les infrastructures hydrauliques, renforçons la gouvernance du secteur et promouvons des politiques inclusives en matière d’assainissement. Ces efforts traduisent la vision de Son Excellence Paul BIYA, Président de la République, pour un Cameroun solidaire, durable et résolument tourné vers l’avenir.</p><p>Le thème retenu, « Eau et Assainissement pour tous : des actions fortes pour l’Afrique », est une véritable invitation à l’action collective. Il nous rappelle notre responsabilité commune de bâtir un continent résilient, où chaque femme, chaque homme, chaque enfant, a accès aux services essentiels, dans la dignité.</p><p>À travers ce message, je lance un appel solennel à tous les acteurs du secteur : gouvernements, collectivités locales, entreprises, bailleurs de fonds, jeunes professionnels, chercheurs, ONG. Rendez-vous à Yaoundé 2026. Contribuez à faire entendre la voix de l’Afrique. Engageons-nous, ensemble, à faire de ce Congrès un tournant décisif pour l’avenir de l’eau et de l’assainissement sur notre continent.</p>								</div>
				</div>
				</div>
				</div>
					</div>
				</div>
		<div class="elementor-element elementor-element-7f86825 e-flex e-con-boxed e-con e-parent" data-id="7f86825" data-element_type="container" data-settings="{&quot;background_background&quot;:&quot;classic&quot;}">
					<div class="e-con-inner">
				<div class="elementor-element elementor-element-1fd0f8c elementor-widget elementor-widget-spacer" data-id="1fd0f8c" data-element_type="widget" data-widget_type="spacer.default">
				<div class="elementor-widget-container">
							<div class="elementor-spacer">
			<div class="elementor-spacer-inner"></div>
		</div>
						</div>
				</div>
					</div>
				</div>
				</div>

<p>MOT DU MINISTRE DE L&#8217;EAU ET DE L&#8217;ENERGIE DU CAMEROUN M. Gaston ELOUNDOU ESSOMBA Ministre de l&#8217;eau et de l&#8217;énergie du Cameroun Au nom du Gouvernement camerounais, je tiens à exprimer ma profonde gratitude à l’Association Africaine de l’Eau et de l’Assainissement (AAEA) pour avoir choisi le Cameroun comme pays hôte du 23ᵉ Congrès International [&hellip;]</p>
